g(c) be the first derivative of -c**6/360 + c**5/120 + c**4/12 + 3*c**3 + 7. Let n(o) be the third derivative of g(o). Determine n(-2).
-4
Let n(s) be the first derivative of s**4/12 - s**3/2 - 3*s**2 - 9. Let u(y) be the second derivative of n(y). Give u(3).
3
Let g = -26 - -27. Let k(v) = -7*v**2 - 7*v + 13. Let q(n) = n**2 + n - 1. Suppose -18 = -2*m - 6. Let b(t) = g*k(t) + m*q(t). Calculate b(0).
7
Let t(y) be the second derivative of -3*y**3/2 + y**2/2 + 751*y. Give t(4).
-35
Let h(m) = -11*m**3 + 10*m**3 + 17*m - 4*m**2 - 19*m + 7 + 7*m. What is h(-5)?
7
Let t(v) = 3*v - 1. Let g = -92 - -102. Let m be (g/((-160)/12))/((-3)/4). Calculate t(m).
2
Let v(j) = 7*j - 6. Let m(k) = k - 8*k - k + 5. Let d(z) = 6*m(z) + 7*v(z). Determine d(8).
-4
Let c(v) be the first derivative of -v**4/4 + 2*v**3 + 3*v**2 + 5*v + 891. Suppose 0*r - 2*r + 14 = 0. What is c(r)?
-2
Let t(v) = 15*v - 3. Let o be t(-1). Let k be ((-5)/((-15)/o))/(-1). Let l(x) = -2*x + 3. Give l(k).
-9
Let d(b) = -b + 33 - 71 + 31. Suppose 0 = -s - 4*a + 5*a + 4, -a - 9 = 4*s. Let r be 2 + -1 - s - 8. Give d(r).
-1
Let z(n) = -n**2 + 4*n + 6. Suppose -5*h + 94 = -6. Suppose -13 = -3*r + m, -5*r + 2*m = m - 25. Suppose -h = 5*f, q + r*f = 8*f + 13. Calculate z(q).
1
Suppose -27 = q + 4*f, 5*q - f + 39 = -12. Let p(g) = g**3 + 12*g**2 + 14*g + 2. Calculate p(q).
-31
Let n(d) = -8*d + 21*d + 8*d - 4 - 8*d. Give n(1).
9
Let n(o) = o**2 - 1 + 20*o + 14*o - 29*o. Give n(-5).
-1
Let l be (-2 + 10)/2 + -2. Let d(m) = -1. Let j(u) = -2*u + 1. Let x(s) = l*d(s) - j(s). Determine x(2).
1
Let h(n) = -85*n + 9 + 3 + 43*n + 43*n. Determine h(-13).
-1
Let k be (13 + -9)*14/(-4). Let y(r) = r**2 + 15*r + 14. Give y(k).
0
Suppose 3*x + 24 = 6*x. Let g = x + -3. Let d(q) be the second derivative of q**5/20 - q**4/3 - 5*q**3/6 + q**2 + 1757*q. Calculate d(g).
2
Let a(q) = 17*q**2 + 2*q + 1. Suppose 18*y - 48 = -84. Give a(y).
65
Suppose -3*h = 15, -5*x + 10*x - 5*h = 10. Let b = 5 + x. Let l(y) = -13*y - 17*y + 31*y + 6*y**b. Determine l(-1).
5
Let i(q) = q**3 + 17*q**2 + q + 11. Let w be i(-17). Let z(f) = f**3 + 7*f**2 + 4*f - 8. What is z(w)?
4
Let c(d) = 2*d + 72. Let a be c(-34). Let m(q) = -12*q + 4. Calculate m(a).
-44
Suppose 4*l + 4 = -20. Let n(d) = 2*d**3 - d**2 + 3*d - 2. Let k be n(1). Let q(o) = -4*o**2 - 8 + 3*o**k - 2*o**2 - 8*o + 2*o**2. Calculate q(l).
4
Suppose -17 + 59 = 6*l. Suppose -l*c - 45 = 2*c. Let b(n) = -n**2 - 2*n + 2. Calculate b(c).
-13
Let l(d) = -10*d + 7. Let y(g) = -3*g + 3. Let s(u) = -4*l(u) + 14*y(u). What is s(7)?
0
Let b(f) = -f**3 + 0*f**3 + 6*f**2 + 29 - 29 - 5*f. Let y(m) = 10*m + 115. Let o be y(-11). Determine b(o).
0
Let r(m) = m**2 - 3. Let z(d) = d. Let i(f) = -r(f) + z(f). Let j be (0 + (-3 - -3))/2. Let o be i(j). Let u(t) = -t**2 + 4*t - 2. Calculate u(o).
1
Suppose 268*w = 280*w + 120. Let k(y) = -2 + 0 + 1 - y. Give k(w).
9
Suppose 0 = a - 1 - 1. Let k(d) = d + 1. Let h(o) = 2*o + 7 + 6*o - 6 + 3. Let j(g) = h(g) - 5*k(g). What is j(a)?
5
Let k be (-4)/((-3)/(-15) - 52/60). Let p(n) = 2*n - k*n + 4*n + n**2. Let b be 0/(-1) + (-1)/(-1). Calculate p(b).
1
Let r(x) be the third derivative of x**6/120 - 2*x**5/15 + x**3/2 - 160*x**2. Give r(8).
3
Let o = 25 + -15. Suppose -2*d - 3*d = o. Let z(p) = -p**3 - 2*p**2 - p - 1. Give z(d).
1
Let k(t) be the third derivative of -t**5/60 + t**4/8 + 5*t**3/6 + 3*t**2. Let i(g) = 2*g + 13. Let h be i(-7). Let x be 3/9*9 - h. What is k(x)?
1
Let d(k) = 51 + 4*k + 45 - 140 + 48. Let p be (-2)/(-2)*-4 - -1. What is d(p)?
-8
Let r(z) = -z**2 - 4*z - 5. Let x(b) = -107*b + 52*b + b**2 + 8 + 47*b. Let p be x(6). Determine r(p).
-5
Let t(u) = 7 - 59*u + u**2 + 56*u - 3 + 4*u**3. Let b(r) = -9*r**3 - 2*r**2 + 7*r - 7. Let c(p) = -3*b(p) - 7*t(p). Calculate c(0).
-7
Let y(f) = f**2 - 24*f - 2. Let v be y(25). Suppose 2*n = 5*p - 6*p + 2, 0 = p - 5*n - v. Let g(r) = -r**3 + 8*r**2 + r. Give g(p).
8
Let b(x) = -x - 5 - 2*x + 9*x - 4*x**2 + 3*x**2 - x**2. Determine b(3).
-5
Let i be (-7)/(-3) - 1/3. Let x be (-3)/(3 + 0) + i. Let m be (0/(-2))/(x - -1). Let a(v) = v**2 + v + 7. Determine a(m).
7
Let o(v) = -5 - 2 + 89*v - 91*v + 3. Calculate o(4).
-12
Let i(u) = u**2 + 3*u - 1. Let f(g) = -2*g + 18. Let z be f(7). Suppose 4*p + 3*l = -l - 36, -2*p = z*l + 28. What is i(p)?
3
Let u(h) = -h**2 - 5*h. Let t be u(-5). Let n = 3 + t. Let k(m) = -4*m + 2*m + 3 - 3 - n. What is k(-3)?
3
Let t(i) = -3*i + 5. Let y(h) = -h + 2. Let a(w) = -4*t(w) + 9*y(w). Suppose 0 = -4*b - b - 30. Let c = 4 + b. Determine a(c).
-8
Let i(x) = -5*x**3 + 32*x**2 + 36*x - 4. Let l(z) = z**3 - 8*z**2 - 9*z + 1. Let k(y) = 2*i(y) + 9*l(y). Give k(-7).
15
Let d(q) = q**2 + q + 1. Let r(k) = k**2 + 3*k + 3. Let c be r(-3). Suppose c*t + 1 = 7. Let a be t/(-15) - 4/(-30). Give d(a).
1
Let g(v) = -v**3 - 3*v**2 - 4*v - 2. Let o be g(-3). Suppose -2 = -3*s + o. Let d(b) = 2*b - s*b - b - 3 - 2*b**2. Determine d(-2).
-5
Let g(m) = -m + 12. Let c(p) = p - 11. Let d(b) = -3*c(b) - 2*g(b). Give d(10).
-1
Let n = -221 - -212. Let v(x) = -x - 9. Calculate v(n).
0
Let y(g) = -g**3 + 13*g**2 - 26*g + 49. Let u be y(11). Let t(o) be the first derivative of -o**2/2 + 3*o + 1. Let j be t(u). Let r(n) = 2*n + 1. Give r(j).
-3
Let a(i) = -i**3 + 4*i**2 + i - 4. Suppose 4*d + 0*d - 12 = 0. Calculate a(d).
8
Let m(k) = -k**3 + 6*k + 9. Let z be m(3). Let n(l) be the second derivative of 7*l + 11/6*l**3 + z - 1/2*l**2. Give n(-1).
-12
Let i(s) = -4*s**2 - 7*s + 4. Let d(a) = -2*a**2 - 3*a + 2. Let y be (3*2)/((-15)/(-10)). Let h(l) = y*i(l) - 9*d(l). What is h(2)?
4
Let b(f) = -16*f**3 + 10*f**2 + 10*f - 12. Let a(u) = -3*u**3 + u**2 + 1. Let s(t) = 5*a(t) - b(t). Calculate s(7).
45
Let j(c) be the third derivative of -1/120*c**6 - 16*c**2 + 0*c + 1/6*c**4 + 0 + 1/15*c**5 - 1/2*c**3. What is j(5)?
-8
Let d(b) = -8*b - 2. Suppose 0*x = x - 2. Suppose 7*t = 8*t + x. Determine d(t).
14
Let x(v) = -v**3 + v**2 - v. Let c(l) = -6*l + 25. Let j(u) = -5*u + 24. Let y(n) = -4*c(n) + 5*j(n). Let h be y(18). Determine x(h).
-6
Suppose -2*a + 4*v + 34 = 0, -1 = -a + 3*v + 19. Let j(w) = w**2 - 12*w + 5. Give j(a).
-6
Suppose 3*s - 1 - 5 = 0. Let l(f) be the second derivative of f**3/2 - 12*f. What is l(s)?
6
Let i(l) = l**3 + 8*l**2 - 3. Suppose -14 = -4*w - 2. Suppose 3*c = 3*n - 18, -w*n - 36 = 5*c - 5*n. Determine i(c).
-3
Let p be (2 - (3 + 0))*-4. Let b be (-2)/(3*p/18). Let x(r) = 52*r**2 + 2*r - 13. Let k(u) = -35*u**2 - u + 10. Let d(z) = -3*k(z) - 2*x(z). Calculate d(b).
8
Suppose -17 = -c - 4*u, 3*c - 4*u = 96 + 3. Let q = 55 - c. Let i = q + -20. Let m(j) = j + 1. Calculate m(i).
7
Let h = -12 - -15. Let l(f) = f**2 - f + 1. Let j(r) = r**2 - 2*r + 3. Let v(z) = h*l(z) - j(z). Give v(1).
1
Let x(y) = -2*y + 13 + y**3 - 324*y**2 + 3*y + 324*y**2. Determine x(0).
13
Let h(a) = -6*a**3 + 128*a + 7*a**3 - 132*a - 2*a**2 + 3. Give h(2).
-5
Let x(g) be the second derivative of 1/6*g**3 - 1/2*g**2 + 7/12*g**4 + 34*g + 0. Calculate x(1).
7
Let f = 2058 + -2054. Let c(s) = s**3 - 4*s**2 - 5*s + 9. Determine c(f).
-11
Let d(t) be the second derivative of -t**5/20 - 2*t**4/3 - t**3 + 3*t**2 + t + 84. Give d(-7).
-1
Let u(i) = -5*i**3 + 33*i**2 - 23*i - 30. Let t(s) = 2*s**3 - 12*s**2 + 8*s + 10. Let v(k) = -8*t(k) - 3*u(k). Calculate v(-4).
6
Let t be -5 - 2 - (-21 + 3). Let f(i) = -i**3 + 10*i**2 + 11*i + 7. Determine f(t).
7
Let v(r) be the third derivative of r**6/120 + r**5/12 - r**4/6 + r**3/3 - 16*r**2 + 2. What is v(-5)?
22
Suppose -10*b = -8*b - 4. Let q(v) = 3*v + b*v - v - 5*v. Let o(n) = -n**2 + 5*n + 6. Let x be o(6). Give q(x).
0
Let h(m) = -m**2 + m + 1. Let x(b) = -2 - 2 + 0*b + 3*b + 2*b**2. Let i(r) = -h(r) - x(r). Suppose -7*g + 11*g = -4*j, 3*j = -4*g - 5. Calculate i(g).
-2
Let r(g) = -11*g - 2*g + 12*g - g**2 - g. Give r(-2).
0
Suppose 14*g - 23*g + 36 = 0. Let j(k) = -k + 2. Calculate j(g).
-2
Let m(t) be the third derivative of 5*t**4/12 - 19*t**3/2 - 87*t**2 + 1. Give m(6).
3
Let l(i) = i**2 - 3*i + 1. Let x(t) = 2*t**2 + 3*t + 2. Let z be 18/(-36)*(5 + -1). Let a be x(z). Give l(a).
5
Suppose -t = t + 14. Let n(l) = -l**2 - 7*l + 1. Let k be n(t). Let b(x) = -3*x - 5*x**2 + 3*x - 4*x + k - x**3. Calculate b(-4).
1
Let t(k) = -5*k - 38. Let r(p) = 2*p - 6